ivided by 56.
28
Let a be (4/5)/(1/5). Suppose 0 = a*d - d + 4*m - 81, 109 = 4*d + 5*m. Let r = d - 17. Calculate the remainder when 27 is divided by r.
13
Suppose -2*a + 82 = 4*z - 38, -31 = -z - a. Suppose -3*v = -l + 126, -4*v + 424 = 4*l - 0*v. What is the remainder when l is divided by z?
24
Suppose -16*k + 1312 + 384 = 0. What is the remainder when k is divided by 17?
4
Suppose -2*y - 7 = -11. Calculate the remainder when ((-53)/y)/((-2)/4) is divided by 11.
9
Suppose -4*a = -0*a - 360. What is the remainder when a is divided by 32?
26
Suppose -2*n = -2*c + 8, 7*c - 2*c + n = 2. Let d(a) = a**3 + 4*a**2 - 5*a - 1. Let s be d(-5). What is the remainder when 11 is divided by -1 - c/(s/4)?
2
Suppose -2*y - 2*u = -284, -y + 3*u = -0*y - 154. What is the remainder when y is divided by 32?
17
Let r = 38 + -25. Let s = -2 + 9. Calculate the remainder when r is divided by s.
6
Suppose 2*j + 817 = 5*l, j + 289 + 202 = 3*l. Suppose 3*u = 210 + l. Calculate the remainder when u is divided by 32.
29
Suppose 34*s - 1136 = 938. What is the remainder when 181 is divided by s?
59
Let t = 222 - 180. Let a(s) = s**3 + 6*s**2 + 3*s - 3. Calculate the remainder when t is divided by a(-3).
12
Let h(t) = -t**3 - 8*t**2 + 20*t + 8. Let d be h(-10). Suppose -4*x - 60 = -d*x. Calculate the remainder when x is divided by 11.
4
Let f be 2 + 3 + (-1 - -2). Let o = f + 16. Calculate the remainder when o is divided by 14.
8
Suppose -m - 205 = -6*m. Let l = -24 - 88. Let u = -101 - l. What is the remainder when m is divided by u?
8
Let k(t) = -8*t + 4. Let z be k(3). Calculate the remainder when 81 is divided by 8/z - ((-57)/5 + -1).
9
Let o(b) = -6*b - 2. Let t be o(2). Let u = t - -44. Suppose 4*f - u = 134. What is the remainder when f is divided by 14?
13
Let q(s) = 47*s - 325. What is the remainder when q(8) is divided by 9?
6
Suppose 4*d + 3 = -4*q + 559, -3*d = 4*q - 422. What is the remainder when d is divided by 27?
26
Suppose 0 = -41*c + 63*c - 66. Calculate the remainder when 30 is divided by c.
0
Let d(o) = -246*o - 87. What is the remainder when d(-2) is divided by 68?
65
Suppose 5*q = 4*i - 361, 5*i = 4*q + 375 + 83. Let j = i - 60. Suppose -g = -0*g + 5*n - 32, -5*g - 5*n = -80. Calculate the remainder when j is divided by g.
10
Let m(x) = -x**3 - 6*x**2. Let b be m(-6). Suppose b = -12*j + 6*j + 42. What is the remainder when 22 is divided by j?
1
Suppose -9 + 129 = 10*s. Let l(y) = 8*y**2 - 2*y + 1. Let d(u) = -8*u**2 + 2*u - 1. Let r(w) = 2*d(w) + 3*l(w). What is the remainder when s is divided by r(1)?
5
Suppose 0 = -30*b + 33*b - 66. Suppose 3*s = 5 + 13. Calculate the remainder when b is divided by s.
4
Calculate the remainder when (-3 - -328) + -37 + 39 is divided by 57.
42
Let w(x) = -18*x - 19. Let i(k) = -k**2 - 4*k + 16. Let b be i(-7). What is the remainder when w(b) is divided by 24?
23
Suppose 2*n = 4*d - 6, -2*n - 2*d = -5 - 7. What is the remainder when 8 is divided by n?
2
Let z(d) = d**3 - 19*d - 14 - 21*d + 21*d**2 + 17*d. Calculate the remainder when 1 - 24/(2/(-1)) is divided by z(-22).
5
Let w = -565 - -599. Calculate the remainder when 40 is divided by w.
6
Let u be (-91 + 2)/(2/(-2)). Suppose k - 5*k + 5*h = -u, k - h = 21. Let p = -30 + 60. What is the remainder when p is divided by k?
14
Let c = 6 - 9. Let p be (36/c)/(-1) - 0. Let m = p - -2. Calculate the remainder when 41 is divided by m.
13
Let j(v) be the first derivative of 4*v**2 - 8*v - 3. Let o be j(5). Suppose 5*y - o = -12. Calculate the remainder when 9 is divided by y.
1
Suppose -5*w + 3*y + 1171 = 0, -3*w - y + 338 + 359 = 0. Calculate the remainder when w is divided by 80.
73
Let t(v) = -11*v**3 - 3*v**2 - v - 1. Let c(u) = -2*u**2 - 169*u + 274. What is the remainder when t(-2) is divided by c(-86)?
13
Suppose 27*t + 5*y - 15 = 24*t, 15 = 3*t - 4*y. Calculate the remainder when 228 is divided by t.
3
Suppose -108 = 12*f - 16*f. Let q(t) = 2*t**2 + 5*t + 2. Let d be q(-4). Let o = d - -37. Calculate the remainder when o is divided by f.
24
Suppose 24 = 3*a + 3*q - 96, 0 = 2*a + 5*q - 68. Calculate the remainder when 877 is divided by a.
41
Let f = 1 - 0. Let j = 6 + f. What is the remainder when 19 is divided by j?
5
Suppose -4*f - 5*h + 3 = 0, f = 3*h - 1 + 6. Suppose f*q - 7*q + 35 = 0. Suppose q = -c + 19. Calculate the remainder when 21 is divided by c.
9
Suppose -3*q - 220 = -25*q. Calculate the remainder when 294 is divided by q.
4
Let f be 2 + (385/10)/(2/(-4)). Calculate the remainder when 12 is divided by (-6)/(-135)*-3 + (-610)/f.
4
Suppose 0 = 2*y + 52 - 92. Calculate the remainder when 3 + -1 + 1*77 is divided by y.
19
Let u(w) = w**3 + 4*w**2 - 9*w + 11. Calculate the remainder when 420 is divided by u(3).
44
Suppose -4*q + 1 - 25 = 0. What is the remainder when ((-4)/q)/((-185)/(-180) - 1) is divided by 14?
10
Suppose 3*m - 213 = r, 3*m + 5*r = 4*m - 85. Calculate the remainder when 207 is divided by m.
67
Let x be -2*(3 + -1 + -3). Let v be 2*x*(-3)/(-4). Let o(r) = 9*r - 1. Calculate the remainder when o(v) is divided by 9.
8
Let l(s) = -65*s + 598. Calculate the remainder when l(8) is divided by 12.
6
Suppose 10*o = 15*o + 25. Let t be 5 + (-3 - -1) - 7. What is the remainder when ((-54)/o)/(t/(-20)) is divided by 19?
16
Let k(b) = 4*b + 61. Let o be k(-16). Calculate the remainder when 10/(-15) + o + (-170)/(-3) is divided by 18.
17
Let s be 206/6 - (-8)/(-24). Suppose 0 = 5*k - 3*g - 71, s = -k + 3*k - 4*g. Calculate the remainder when 88 is divided by k.
10
Let b = 401 + -291. What is the remainder when b is divided by 16?
14
Suppose 9 = f - 0*i + i, -2*f + 2*i + 18 = 0. Suppose -4*k + 114 + 150 = 0. Suppose -2*l + 0*l + k = 0. What is the remainder when l is divided by f?
6
What is the remainder when ((-25)/(-10) + 3)*10 is divided by 15?
10
Let f be (-69)/2*(-4)/6. Suppose -o + 27 = 3*u - 0*o, -4*u + 3*o + f = 0. Suppose -z + u = h, -h + 16 = 2*z + 4. What is the remainder when 5 is divided by h?
1
Let z = 366 - 285. Calculate the remainder when z is divided by 14.
11
Let n = -13 - -18. Let r be 10/6*(-1 + 10). Suppose r = 3*v + 2*v. What is the remainder when n is divided by v?
2
Let h be (2 + 0)/1 + 14. Let i(n) = n - 14. Let f be i(h). Suppose 3*u + 47 = 4*o + 8*u, -5*o - f*u + 63 = 0. What is the remainder when 49 is divided by o?
10
Let f(a) = -3*a + 76. Calculate the remainder when f(9) is divided by 26.
23
Let i(n) = n**3 - 2*n**2 - 3*n + 2. What is the remainder when (96 - -7) + (1 - (0 - 4)) is divided by i(4)?
20
Let l be ((-232)/6)/(14/(-21)). Suppose u = -8 + l. Calculate the remainder when u is divided by 26.
24
Suppose 275 = 12*h + 59. What is the remainder when 47 is divided by h?
11
Let p(n) = n**3 - 7*n**2 + 11*n - 2. Let c = -1 - -2. Calculate the remainder when (-1 - -2)*5/c is divided by p(5).
2
Let n = -2368 + 2406. What is the remainder when 289 is divided by n?
23
Suppose -12*r - 131 - 157 = 0. What is the remainder when (-738)/r*(-16)/(-6) is divided by 28?
26
Suppose 11 + 19 = b - 4*d, -b + d = -15. Let r be (-19)/(-7) - b/(-35). Suppose -r*q + 4 = q. What is the remainder when 3 is divided by q?
0
Let m(y) be the second derivative of -5*y**3/6 + 2*y**2 - 2*y. Let r = -60 - -53. What is the remainder when m(r) is divided by 10?
9
Let b = 211 + -177. What is the remainder when 303 is divided by b?
31
Let z = 810 - 804. What is the remainder when 54 is divided by z?
0
Suppose 94*b = -6*b + 2600. Calculate the remainder when 174 is divided by b.
18
Let r(v) = v - 6. Let c be r(11). Let f = c - -50. What is the remainder when f is divided by 12?
7
Suppose 12*s + 820 = 16*s. What is the remainder when s is divided by 20?
5
Let l = 81 + -75. What is the remainder when 149 is divided by l?
5
Let f(l) = l**2 + 6*l - 7. Let x be f(5). Suppose -8*m + x = -0*m. Calculate the remainder when 41 is divided by m.
5
Let v = 78 - 39. Suppose -v = -7*k + 17. Calculate the remainder when 30 is divided by k.
6
Let i be (-65)/(-15) + (-12)/9. Suppose -23 = -4*a - 159. Calculate the remainder when -3*(a/3 + i) is divided by 14.
11
Let k(j) = j**2 + 1. Let z be k(2). Suppose -2*q - 2*g = 2*q + 22, -3*q + 3 = -z*g. Calculate the remainder when (-4)/(-16) - 47/q is divided by 7.
5
Let w(l) = -l - 3. Let k be w(-3). Suppose 3*y + 2 - 11 